ors of t?
2, 5
Let a = 4 - 3. Suppose -19 - a = -2*h. What are the prime factors of h?
2, 5
Let t(v) = -2*v + 9. Let m be t(-8). Let s = m + -14. What are the prime factors of s?
11
Let y be (13/4)/(4/16). Let q be (-4)/12 - (-212)/6. Let c = q - y. List the prime factors of c.
2, 11
Suppose 0*a + 2*s = a - 13, -4*s = -a + 17. Let y = 14 - 15. Let d = a - y. List the prime factors of d.
2, 5
Suppose -184 = -4*q + 4*d, -5*d = -3*q + 6*q - 146. What are the prime factors of q?
47
Let q = 23 - 7. Let r be (45/(-20))/((-6)/q). List the prime factors of (3/r)/(2/24).
2, 3
Let o(c) = c**3 - 4*c**2. Let x be o(4). Let s(p) = p**2 + p + 13. Let w be s(x). Suppose -5*n = -4*n - 2*m - 1, -3*n + 4*m = -w. List the prime factors of n.
11
Let g be ((-30)/12)/(3/(-6)). Suppose g*z = 2*z + 75. List the prime factors of z.
5
Suppose 0 = -3*a + 5*a. Suppose 0 = -2*x - a*x + 16. List the prime factors of x.
2
Suppose -4*f + 151 = -3*x - 32, f - 44 = -x. What are the prime factors of f?
3, 5
What are the prime factors of -17*2/(3 + -5)?
17
Let b = -13 + 2. Let h = -6 - b. Suppose -4*v + 2*f = -2*v - 20, -2*v = h*f - 34. List the prime factors of v.
2, 3
Suppose -4*k = -100 - 48. What are the prime factors of k?
37
Let u(l) be the first derivative of l**4/4 - 4*l**3/3 - 7*l**2/2 + 4*l + 1. Let z be u(5). What are the prime factors of (-80)/z - 4/(-6)?
2, 7
Let t(s) = 5*s**2 - 8*s + 7. Let z be t(5). Suppose -4*x = -4*u - z, -3*x + 0*u - u + 89 = 0. What are the prime factors of x?
2, 7
List the prime factors of 7 + -5 + (4 - 0).
2, 3
Suppose 4*i = t + 25 + 17, t - 24 = -2*i. Suppose -4*u = 4*n - 28, -2*n + 0*n + i = u. What are the prime factors of u*(2 - 1/3)?
5
Let r(c) be the first derivative of c**3/3 - c**2 - 4*c + 29. Let u(g) = g**3 + 5*g**2 - g. Let p be u(-5). What are the prime factors of r(p)?
11
Let u = 11 + -7. Suppose 4*v + u = 5*v. Suppose 4*g - 3*s = 28, -2*g = g - v*s - 28. What are the prime factors of g?
2
Let g be (-10)/(-4)*8/10. List the prime factors of 6/g - (-6 - -1).
2
Let z be 12 + -1 - (0 - -1). Let r = z - -3. What are the prime factors of r?
13
Suppose -351 = -4*k + 21. List the prime factors of k.
3, 31
Suppose -248 = -2*l - 2*v, -3*l - l = 2*v - 496. What are the prime factors of l?
2, 31
What are the prime factors of 75 + -3 + -1 + 5?
2, 19
Suppose -30 = -2*g + 138. What are the prime factors of g?
2, 3, 7
Let w = -22 + 10. Let b be 6/(-8) + 3/w. List the prime factors of ((-18)/b)/3 - -2.
2
Let n(x) = x**3 + x**2 + 4*x - 1. Let q be n(4). Suppose u - q = -4*u. What are the prime factors of u?
19
Suppose -6*g - g = -245. What are the prime factors of g?
5, 7
What are the prime factors of 20/4 - 3 - -15?
17
Suppose 0 = -2*p - 5*l - 25, -p + 34 = -6*p - 3*l. What are the prime factors of (-6)/(-4)*(-10)/p?
3
Let j(d) = d + 7. Let y be j(-5). Suppose -y*i - 8 = -4*i. Suppose i*o + 4*v = 56, -3*v + 5*v + 20 = 2*o. What are the prime factors of o?
2, 3
Suppose -5*u + 23 = -w - w, -5*u = 4*w - 29. Let k = 0 - w. What are the prime factors of 11*1 + k + 2?
2, 3
Let c be (-2)/4 - (-938)/(-28). Let i = 2 - c. What are the prime factors of i?
2, 3
What are the prime factors of 2/(-4)*336/(-12)?
2, 7
Suppose 0 = 4*r + t + 43, 4*t - 9 = 5*r + 71. Let s = r + 27. List the prime factors of s.
3, 5
Suppose 7*r - 15 = 2*r. Let t be (1 + -2)*-1 + -1. Suppose -r*g - 2*g + 20 = t. List the prime factors of g.
2
Let q be (-38)/(-4) + 6/12. Let l = q + 9. Suppose -l = -3*f + 2*u, -3*f + 47 = -0*f + 5*u. List the prime factors of f.
3
Suppose -186 - 118 = -4*i. List the prime factors of i.
2, 19
Suppose -24 = -0*c - 3*c. What are the prime factors of c?
2
Let a(s) = 321*s**2 - s + 2. List the prime factors of a(-1).
2, 3
Let r = 5 - 9. Let w be (-3 - r)*14 + -2. Let k = w - 4. What are the prime factors of k?
2
Let x(u) = -3*u - 1 - 4 + 4. Let z be x(7). What are the prime factors of (3/(-6))/(1/z)?
11
Suppose 3*o + f = 3, -4*o = o + 4*f + 2. Suppose -5*d + 6 = -9. Suppose 0 = d*a + o*a - 20. List the prime factors of a.
2
Suppose -a = 4*z - 81, -2*z + 87 = -6*a + 7*a. List the prime factors of a.
3, 31
Suppose -2 = -m - 5*b, -4*m + 0*m + 3*b = -8. Let p be 2 - (2 + -1)/1. List the prime factors of m/(2*p/4).
2
Let y = -28 - 2. Let m = y - -43. Suppose -2*q = 1 - m. List the prime factors of q.
2, 3
Suppose -2*w + 6 = -0, -r = -2*w + 3. Let p(v) = -2*v - 1. Let h be p(-3). Suppose -h*o + r*g + 81 - 2 = 0, -3*o + 2*g = -48. What are the prime factors of o?
2, 7
Suppose -5*l = -4*t + 653, -l = -0*t + 3*t + 142. Let x = 197 + l. Suppose -3*r - x = -7*r. List the prime factors of r.
2
Let x = 2 - 0. Let v be (-111)/(-6) - (-1)/x. Suppose -4*c - v = -3*s - 58, 32 = 3*c - 5*s. List the prime factors of c.
3
Suppose -3*i = -8*i. Let q(r) = 2 + 1 + 10 + r. What are the prime factors of q(i)?
13
Let h(k) = -k + 24. What are the prime factors of h(16)?
2
Suppose -4*a - 79 = -31. List the prime factors of a/(-30) - (-16)/10.
2
Let j = 6 - 3. Suppose -j*i = i - 8. Suppose i*b = -2*b + 12. List the prime factors of b.
3
Suppose 11 = -g + 2*g - 2*z, -4*g - z + 26 = 0. What are the prime factors of g?
7
List the prime factors of (-29 + -6)*32/(-5).
2, 7
List the prime factors of 67/4 + 18/72.
17
Let q = -28 + 53. What are the prime factors of q?
5
Let l = -49 - -117. List the prime factors of l.
2, 17
Let l(x) = -x**3 + 9*x**2 - 6*x + 10. What are the prime factors of l(8)?
2, 13
Suppose 0 = -4*u - 38 + 430. List the prime factors of u.
2, 7
Let q(l) = 2*l**2 + 6*l - 1. Let a be q(-5). Let b = a + -3. List the prime factors of b.
2
Let h(f) = -f**3 - 4*f**2 - 2*f - 7. What are the prime factors of h(-5)?
2, 7
Suppose 2*u = -20 + 34. List the prime factors of u.
7
Let u(f) = -3*f**3 + 13*f**2 - 15*f + 10. Let i(k) = -k**3 + k**2 - k + 1. Let m(z) = -4*i(z) + u(z). What are the prime factors of m(-10)?
2
Suppose -2*o - o + 3*u - 18 = 0, -4*u = 3*o - 10. Let a(t) = -2*t + 2. What are the prime factors of a(o)?
2, 3
Suppose -u - 3*w = -3, 0*w - 4*w = -3*u + 48. List the prime factors of u.
2, 3
Let i(o) = 14*o - 3. Let b be i(5). Suppose 5*m + b = 3*c, 0 = -0*c + 2*c - m - 33. What are the prime factors of c?
2, 7
Let b(s) = 5 + 2*s**2 - 1 + 2*s**2 - 5*s - s**3. Let m be b(3). List the prime factors of ((-3)/(-5))/(m/(-10)).
3
Let t be -1 + -3 + 6/3. Let j = 9 + t. What are the prime factors of j?
7
Let b = -8 - -33. List the prime factors of b.
5
Let j be 9/18 + (-15)/(-2). Suppose 7 + j = 5*i. What are the prime factors of i?
3
Suppose -2*f + 150 = -4*i, 5*f + 33 = 3*i + 408. What are the prime factors of f?
3, 5
Let p(y) = y**2 + 8. Let i be p(0). What are the prime factors of (38/3)/(i/12)?
19
Let g(b) = 6*b**3 + 2*b - 1. List the prime factors of g(1).
7
Suppose k + 3 + 4 = 0. Let b = 11 - k. Suppose -x = 4*x - z - 26, 4*x + 2*z - b = 0. List the prime factors of x.
5
Let x(g) = -g**2 - 15*g + 8. What are the prime factors of x(-12)?
2, 11
Let w(o) = o**3 + 10*o**2 - 8*o + 14. List the prime factors of w(-8).
2, 103
Let f(l) = 3*l**3 - 6. List the prime factors of f(4).
2, 3, 31
Suppose s = 4*j - 75 + 207, 0 = 5*s - 5*j - 675. List the prime factors of s.
2, 17
Let o be 2/(-5)*(1 + 4). What are the prime factors of o/8 - (-54)/24?
2
Let t(w) = 2*w + 3. Let z be t(4). Let h = -6 + z. What are the prime factors of h?
5
Suppose -20*r + 25*r - 270 = 0. List the prime factors of r.
2, 3
Let m(o) = -o**3 - 5*o**2 + 7*o + 9. Let k be m(-6). Suppose n + 3*h + 0*h - 16 = 0, 0 = -k*n + h + 18. What are the prime factors of n + (-2)/(-6)*0?
7
Let l be 37/3 + (-4)/(-6). Suppose -3*r + l = -41. What are the prime factors of r?
2, 3
Let p(j) = -j**2 + 8*j + 12. Let i be p(9). List the prime factors of i/(1/((-4)/(-6))).
2
Let r(h) = h**2 - 10*h - 12. Let i be r(11). Let l(o) = -23*o. List the prime factors of l(i).
23
Suppose 0 = 11*n - 311 - 1306. List the prime factors of n.
3, 7
List the prime factors of (-218)/(-4) + (-2)/4.
2, 3
Let v = 11 - 11. Let f = 12 - v. List the prime factors of f.
2, 3
Let y = 205 - 133. List the prime factors of y.
2, 3
Let b be ((-6)/(-6))/((-2)/(-6)). List the prime factors of (-4 - 2)*b/(-2).
3
Let k(t) = -135*t**3 - t**2 - 5*t - 3. List the prime factors of k(-1).
2, 17
Let f(k) = 2*k**2 - 6*k + 10. List the prime factors of f(7).
2, 3, 11